housands digit of 192272?
2
What is the thousands digit of 570460?
0
What is the tens digit of 3270675?
7
What is the ten thousands digit of 3827295?
2
What is the hundred thousands digit of 26855864?
8
What is the ten thousands digit of 1699418?
9
What is the units digit of 947603?
3
What is the tens digit of 2312377?
7
What is the hundreds digit of 664576?
5
What is the thousands digit of 1693232?
3
What is the units digit of 3803280?
0
What is the tens digit of 3641904?
0
What is the tens digit of 968230?
3
What is the hundred thousands digit of 25238672?
2
What is the ten thousands digit of 2912825?
1
What is the millions digit of 7977134?
7
What is the tens digit of 502407?
0
What is the tens digit of 327104?
0
What is the hundred thousands digit of 433240?
4
What is the thousands digit of 12242188?
2
What is the tens digit of 3213222?
2
What is the units digit of 1495636?
6
What is the ten thousands digit of 9419249?
1
What is the ten thousands digit of 124943?
2
What is the hundreds digit of 934468?
4
What is the units digit of 257870?
0
What is the tens digit of 1477866?
6
What is the tens digit of 819302?
0
What is the ten thousands digit of 369139?
6
What is the tens digit of 344052?
5
What is the hundred thousands digit of 755285?
7
What is the hundreds digit of 116643?
6
What is the ten thousands digit of 3577469?
7
What is the thousands digit of 631364?
1
What is the units digit of 3508325?
5
What is the hundred thousands digit of 611569?
6
What is the hundred thousands digit of 6980018?
9
What is the ten thousands digit of 235140?
3
What is the hundreds digit of 7404064?
0
What is the ten thousands digit of 269197?
6
What is the ten thousands digit of 13473259?
7
What is the millions digit of 1353345?
1
What is the hundred thousands digit of 4147263?
1
What is the thousands digit of 41314?
1
What is the units digit of 5686497?
7
What is the ten thousands digit of 647236?
4
What is the hundreds digit of 1528866?
8
What is the millions digit of 15730545?
5
What is the units digit of 39188936?
6
What is the thousands digit of 9410?
9
What is the thousands digit of 934948?
4
What is the units digit of 554393?
3
What is the thousands digit of 900067?
0
What is the units digit of 2004238?
8
What is the hundreds digit of 1072764?
7
What is the hundreds digit of 156330?
3
What is the tens digit of 1594569?
6
What is the ten thousands digit of 286934?
8
What is the ten millions digit of 18475070?
1
What is the hundred thousands digit of 30873370?
8
What is the ten thousands digit of 15124892?
2
What is the tens digit of 1363335?
3
What is the ten thousands digit of 767126?
6
What is the hundreds digit of 4981975?
9
What is the units digit of 704537?
7
What is the millions digit of 1182340?
1
What is the hundred thousands digit of 7934800?
9
What is the units digit of 5533406?
6
What is the units digit of 4486582?
2
What is the ten thousands digit of 4886691?
8
What is the units digit of 543070?
0
What is the thousands digit of 134415?
4
What is the thousands digit of 944951?
4
What is the tens digit of 1752841?
4
What is the thousands digit of 50943?
0
What is the thousands digit of 9851325?
1
What is the thousands digit of 5363352?
3
What is the tens digit of 143922?
2
What is the ten thousands digit of 7413999?
1
What is the hundred thousands digit of 884089?
8
What is the ten thousands digit of 9373549?
7
What is the tens digit of 522075?
7
What is the ten thousands digit of 9479548?
7
What is the millions digit of 2821172?
2
What is the ten thousands digit of 450376?
5
What is the tens digit of 2664420?
2
What is the ten thousands digit of 4138765?
3
What is the units digit of 3734768?
8
What is the tens digit of 396230?
3
What is the thousands digit of 1181959?
1
What is the thousands digit of 1863201?
3
What is the ten millions digit of 25763309?
2
What is the hundreds digit of 316926?
9
What is the hundreds digit of 691780?
7
What is the hundred thousands digit of 4318966?
3
What is the units digit of 4105136?
6
What is the units digit of 152858?
8
What is the ten thousands digit of 190523?
9
What is the hundred thousands digit of 211568?
2
What is the ten thousands digit of 3125087?
2
What is the units digit of 147622?
2
What is the units digit of 845597?
7
What is the units digit of 1400957?
7
What is the hundred thousands digit of 382550?
3
What is the hundred thousands digit of 293890?
2
What is the ten thousands digit of 384644?
8
What is the tens digit of 1975864?
6
What is the ten thousands digit of 48736?
4
What is the ten thousands digit of 2005076?
0
What is the units digit of 72066?
6
What is the hundred thousands digit of 223138?
2
What is the units digit of 2548775?
5
What is the ten thousands digit of 7107271?
0
What is the units digit of 1472342?
2
What is the tens digit of 263891?
9
What is the hundred thousands digit of 2217359?
2
What is the hundreds digit of 1028309?
3
What is the thousands digit of 386115?
6
What is the tens digit of 89177?
7
What is the tens digit of 1256720?
2
What is the ten thousands digit of 1914730?
1
What is the ten thousands digit of 1173002?
7
What is the hundred thousands digit of 1176974?
1
What is the millions digit of 5467739?
5
What is the ten thousands digit of 4172623?
7
What is the millions digit of 8577574?
8
What is the units digit of 1672175?
5
What is the ten thousands digit of 521421?
2
What is the thousands digit of 402820?
2
What is the thousands digit of 17639046?
9
What is the millions digit of 10621541?
0
What is the hundreds digit of 130470?
4
What is the thousands digit of 6981460?
1
What is the ten thousands digit of 46139?
4
What is the tens digit of 646709?
0
What is the thousands digit of 11634680?
4
What is the tens digit of 144938?
3
What is the thousands digit of 5973210?
3
What is the tens digit of 1993540?
4
What is the thousands digit of 612179?
2
What is the hundred thousands digit of 14231678?
2
What is the thousands digit of 21638691?
8
What is the thousands digit of 21288407?
8
What is the tens digit of 315280?
8
What is the units digit of 168983?
3
What is the tens digit of 4797898?
9
What is the units digit of 2779137?
7
What is the millions digit of 2209169?
2
What is the thousands digit of 1268939?
8
What is the hundred thousands digit of 1114251?
1
What is the hundred thousands digit of 1732902?
7
What is the thousands digit of 638382?
8
What is the hundred thousands digit of 8521442?
5
What is the ten thousands digit of 1753754?
5
What is the hundred thousands digit of 389811?
3
What is the units digit of 1665709?
9
What is the ten thousands digit of 1476685?
7
What is the hundreds digit of 1021262?
2
What is the millions digit of 1099590?
1
What is the hundred thousands digit of 14742103?
7
What is the units digit of 193834?
4
What is the ten thousands digit of 117988?
1
What is the units digit of 1133953?
3
What is the tens digit of 247514?
1
What is the ten thousands digit of 4995695?
9
What is the tens digit of 84480?
8
What is the units digit of 381653?
3
What is the hundred thousands digit of 118151?
1
What is the units digit of 1523515?
5
What is the tens digit of 565162?
6
What is the ten thousands digit of 276831?
7
What is the units digit of 594203?
3
What is the thousands digit of 1368424?
8
What is the ten thousands digit of 2597137?
9
What is the ten thousands digit of 2558761?
5
What is the hundred thousands digit of 1268089?
2
What is the thousands digit of 6138754?
8
What is the units digit of 359567?
7
What is the hundreds digit of 8147248?
2
What is the thousands digit of 123910?
3
What is the thousands digit of 3437666?
7
What is the ten thousands digit of 427485?
2
What is the hundred thousands digit of 347374?
3
What is the thousands digit of 226089?
6
What is the ten thousands digit of 1226409?
2
What is the tens digit of 1632708?
0
What is the ten thousands digit of 1398917?
9
What is the units digit of 101588?
8
What is the ten thousands digit of 13302955?
0
What is the hundreds digit of 1522567?
5
What is the hundreds digit of 304005?
0
What is the ten thousands digit of 625433?
2
What is the hundred thousands digit of 545105?
5
What is the millions digit of 4102594?
4
What is the tens digit of 2540208?
0
What is the 